- 3*l - 34 - 134, 4*r - 4*l = -264. Let k = r + 64. List the prime factors of k.
3
Suppose 18*w - 6920 = 12700. List the prime factors of w.
2, 5, 109
Suppose -462 - 1848 = -11*i. List the prime factors of i.
2, 3, 5, 7
Suppose 14 = j + 5*n, -j - 4*n + 0*n = -12. Suppose j*a = 2*x + 142, -3 = -x - 8. What are the prime factors of a?
3, 11
Suppose 0 = -5*y - 5*a + 186 + 49, 5*a = 3*y - 117. What are the prime factors of y?
2, 11
Let x = -6 - -8. Suppose -l + 1 = 0, -3*q - 5*l = -0*l - 20. Suppose 69 = -x*p + q*p. List the prime factors of p.
23
Suppose 4*l - 2176 = -4*y, -3*y + 3*l = -999 - 651. List the prime factors of y.
547
Let k(y) = 148*y + 3. What are the prime factors of k(1)?
151
Let d = -18 + 26. Let f = -6 + d. Suppose o = -o + f, -j - o + 19 = 0. What are the prime factors of j?
2, 3
Let z(n) = -2*n**3 + 23*n**2 + 3*n - 17. Let k be z(14). What are the prime factors of ((3 + -2)/(5/k))/(-1)?
191
Let u = -97 + 349. Suppose 13*k - 697 = u. List the prime factors of k.
73
Let h(s) = 3*s**2 - 19*s - 72. Let t be h(-8). Let l = 575 - t. List the prime factors of l.
3, 101
Suppose 86*o - 105*o = 0. Let b be (-39)/(-2)*(-8)/(-6). Suppose -5*m + j = -2 - 28, o = -3*m - j + b. What are the prime factors of m?
7
Let k(r) = -r**3 - r**2 - 2*r - 1. Let x be k(-3). Suppose 2*w - 7 = -x. What are the prime factors of w/4*(-124)/8?
31
Let l(r) = 12*r + 102. List the prime factors of l(31).
2, 3, 79
Let l be (5/(-10) - -2)*(0 + 2). Suppose -4*k = 3*x - 5*x + 30, -26 = -2*x + l*k. What are the prime factors of x?
7
Let q = -229 - -391. Suppose -3*b - 2*b - v + q = 0, 3*b + 2*v = 100. Let j = 4 + b. What are the prime factors of j?
2, 3
Let g = 183 + -167. List the prime factors of g.
2
Suppose 5*x = -3*o + 518, 4*o = x + 305 + 424. Suppose 0 = -2*k - 8*m + 4*m + 390, k - 5*m = o. List the prime factors of k.
191
Let x = 27 + -14. Suppose x*m - 18*m + 45 = 0. What are the prime factors of m?
3
Let w = 143 + 21. List the prime factors of 1/(-4*(-1)/w).
41
Let t(f) = -f**3 - 9*f**2 - 6*f - 5. Let b(s) = -s + 1. Let z(y) = 5*b(y) + t(y). Let x be z(-8). Suppose 3*a = 27 + x. List the prime factors of a.
17
Let h be 148/8 - (-2)/(-4). Suppose i - h = -i. Let p = i - 2. List the prime factors of p.
7
Let y = 15 + -11. Let q be y/3 + 171/(-27). List the prime factors of 3/(-2)*(-25 + q).
3, 5
Suppose 5539 = 98*d - 69*d. List the prime factors of d.
191
Let z = -211 + 150. Let i = 35 + z. Let g = 57 + i. What are the prime factors of g?
31
Let o(g) = 48*g**3 - 15*g**2 + 59*g - 2. What are the prime factors of o(3)?
2, 167
Let d be 4/(-8)*-8 + -25. Let g = d - -53. List the prime factors of g.
2
Let f be 14 + 5/20*0. Let v = f - 3. What are the prime factors of v?
11
List the prime factors of ((-12)/5)/(2/(-195)).
2, 3, 13
Suppose -2*n - 3*g = -37, 6*n - 22 = 4*n + 2*g. Suppose n*c - 30 = 13*c. What are the prime factors of c?
2, 3, 5
Let g(b) = 613*b + 47. What are the prime factors of g(3)?
2, 23, 41
What are the prime factors of (297/(-18))/11*-512?
2, 3
What are the prime factors of (-5 - -1158) + -3*(-24)/9?
3, 43
Suppose 0*r = -4*c + r + 151, 5*c - 185 = 5*r. Suppose -c = -4*q - 5*j, j + 1 = -1. Suppose -4*g + 4*u + 0*u = -48, -g = -3*u - q. List the prime factors of g.
2, 3
Let i = 684 - -208. List the prime factors of i.
2, 223
Let p be (-4)/3*(-3)/2. Suppose -4*i - 2 = -p*t, 0 = 4*t + i - 5*i - 12. Suppose 5*u = -5*d + 140, -t*d + 132 = 5*u - 2*d. What are the prime factors of u?
2, 3
Suppose 1166 = 10*y + y. Let i = -100 + y. List the prime factors of i.
2, 3
Let n(a) = 8*a**2 - 43*a - 23. List the prime factors of n(11).
2, 59
Suppose r = -3*r - 5*w + 14, 16 = 4*r + 4*w. Suppose -n + r*n = -715. List the prime factors of n/(-22) - (-2)/4.
7
Let y = 1259 + -898. List the prime factors of y.
19
Suppose -4*y + 87 = 67. Let f(v) = 10 - 1 + 5*v + 0. List the prime factors of f(y).
2, 17
Suppose -u = -5*c + 19995, -20*u + 4018 = c - 24*u. What are the prime factors of c?
2, 1999
Let l = 2566 + -1457. List the prime factors of l.
1109
Let w(b) = -14 + 2*b + 5 + 0*b. Let z be w(7). Suppose -32 = -z*g - 2. List the prime factors of g.
2, 3
Let t be 7/2 + (-4)/(-8). Suppose 5*s - 578 = -6*u + t*u, -s + 118 = u. List the prime factors of s.
2, 3, 19
Let y = -49 + 51. Suppose -2*j + 51 = 3*o - 289, 2*j = -y. What are the prime factors of o?
2, 3, 19
Suppose 23*q - 30150 - 38850 = 0. List the prime factors of q.
2, 3, 5
List the prime factors of (-2)/(12/(-450))*642/10.
3, 5, 107
Let t be 18/27 + (-848)/(-6). Let x = t - 55. What are the prime factors of x?
3, 29
Let n = 443 - -316. What are the prime factors of n?
3, 11, 23
Suppose h = 6*h - 300. Let q = h - 40. What are the prime factors of q?
2, 5
Let k be 8/10 - 2912/40. Let t = 116 + k. What are the prime factors of (3 + t/3)*3?
53
Let h be (-1 - 35/(-15))*447/2. List the prime factors of -1 - (3 - h)/5.
2, 29
Suppose 301 = -5*c + 81. Let l be (-608)/c + (-6)/(-33). Suppose -l = 2*s - 3*s. What are the prime factors of s?
2, 7
Let a(s) be the first derivative of 3*s**5/4 + s**4/12 - s**3/2 + s**2 + 2*s + 5. Let r(n) be the first derivative of a(n). What are the prime factors of r(1)?
3, 5
Let v(n) = -3*n**2 - 23*n + 3. Let m(w) = 2*w**2 + 15*w - 2. Let c(u) = 8*m(u) + 5*v(u). Let p = -87 - -92. List the prime factors of c(p).
7
Suppose 26*t + 506 = 28*t. What are the prime factors of t?
11, 23
Let q = 5012 + -34. What are the prime factors of q?
2, 19, 131
Suppose 4 = -a + 8*p - 4*p, -a + 23 = 5*p. Let g be 2*1/2 + -2. List the prime factors of (a/(-10))/(g/5).
2
Suppose -18*a + 2378 + 1312 = 0. List the prime factors of a.
5, 41
Let g(v) = -v**3 + 24*v**2 - 4*v + 1. What are the prime factors of g(23)?
2, 3, 73
Let q(d) be the second derivative of d**4/2 - 17*d**3/6 + 19*d**2/2 + d - 25. List the prime factors of q(6).
7, 19
Suppose -7921 - 55100 = -21*w. List the prime factors of w.
3001
Suppose 2*a - 3*a - 8 = 4*i, 5*i + 20 = 0. List the prime factors of (-26)/((a/50)/(4/(-10))).
5, 13
Let l = 37 - 53. What are the prime factors of (-4)/l - (-142)/8?
2, 3
Suppose -3*u + 862 = -1187. What are the prime factors of u?
683
Let p(t) be the third derivative of t**6/120 + t**5/6 + t**4/3 + 4*t**2 + 71. Let b be 1/(-3) - (-26)/(-3). List the prime factors of p(b).
3
Let f(w) = -14*w - 137. What are the prime factors of f(-34)?
3, 113
Suppose 8*b = 58*b - 3600. What are the prime factors of b?
2, 3
Suppose -294 = -5*p - p. Suppose 80 + p = 3*u. List the prime factors of u.
43
Let w = -67 + 66. Let p = 65 - w. What are the prime factors of p?
2, 3, 11
Let u(f) be the second derivative of -11*f - f**3 - 3/2*f**2 + 0. List the prime factors of u(-9).
3, 17
Let b = -344 - -182. List the prime factors of (-38)/14 + 8/(-28) - b.
3, 53
Let s(r) = r + 2. Let d be s(5). Let v(n) = n**3 - 5*n**2 + 4*n + 10. Let k be v(d). Let o = k - 89. List the prime factors of o.
47
Suppose 2*x - 4*w = 40, 2*x + 2 - 21 = -3*w. List the prime factors of x.
2, 7
Let f(o) = -3*o**3 - 10*o**2 + o + 7. What are the prime factors of f(-5)?
127
Suppose 0 = -5*m + 7 + 8. List the prime factors of (4 - (-49 + m)) + -2.
2, 3
Let c(d) = 203*d + 15. Let a be c(6). Suppose 7*r + 2*r = a. List the prime factors of r.
137
Suppose -y - 5*d = -220, 3*y - 3*d = 916 - 274. List the prime factors of y.
5, 43
Let g(z) be the first derivative of -19*z**3/6 - z**2/2 + z - 2. Let w(a) be the first derivative of g(a). What are the prime factors of w(-2)?
37
List the prime factors of 7/((-35)/(-860)) + (-3)/1.
13
Suppose -25074 = 5*g - 2*y, -g = 5*y + 1849 + 3182. What are the prime factors of ((-1)/2)/(11/g)?
2, 3, 19
Let h be -6*(-27)/6 + -3. Suppose -6*m = -60 - h. What are the prime factors of m?
2, 7
Let x(g) = 102*g + 9. Let d be x(3). Suppose d = 2*j + 35. What are the prime factors of j?
2, 5, 7
Let o be (-2)/9 + (-142)/9. Let c = o - -13. What are the prime factors of (-1 - c) + (-18)/(-1)?
2, 5
List the prime factors of (-9056)/(-2)*252/336.
2, 3, 283
What are the prime factors of (-7)/(14/(-8)) + -1 + 502?
5, 101
Let t be 5/((-10)/6) - -59. Let i = t + -16. Suppose 2*h - 7*h + i = 0. List the prime factors of h.
2
Suppose -s - 5*s = -1266. Suppose 4*y + s = 5*y. List the prime factors of y.
211
Suppose -5*l + 5*s + 280 = 0, -4*s + s = l - 44. L